 = -b + 98. Suppose -22*h + 474 = -x*h. List the prime factors of h.
2, 79
Let j(q) = -q**2 + 19*q + 22. Let z(b) = b**3 - 5*b**2 - b - 10. Let c be z(6). List the prime factors of j(c).
2
Let s be (-2)/(-10) - (-32)/(-10). Let o be (9/6)/(s/(-60)). Suppose i - o = -z + 1, 5*i - 91 = -3*z. List the prime factors of z.
2
Let z(v) = 3*v - 1. Let m be z(6). Let b = m - 16. List the prime factors of b*5 - 12/(-12).
2, 3
Let l(w) = 3*w + 43. List the prime factors of l(12).
79
Suppose -18*p + 19*p - 241 = 0. List the prime factors of p.
241
Suppose -k + 31 = -0*k. Let n be -4*(33/(-27) - (-4)/18). Suppose h - k = -2*j, h = n*j - 3 - 44. What are the prime factors of j?
13
Suppose 0 = -683*k + 676*k + 11676. List the prime factors of k.
2, 3, 139
Let c(l) be the first derivative of l**4/4 + 5*l**3/3 + l**2 - 8*l + 7. What are the prime factors of c(4)?
2, 3
Suppose 33*i + 4811 = 37811. What are the prime factors of i?
2, 5
Suppose -1069 = 5*r - d, 3*r + 2*r - 4*d + 1066 = 0. Let o = r + 320. What are the prime factors of o?
2, 53
Suppose 6*w - 12 = 6. Suppose 0 = -3*s - w*s + 696. List the prime factors of s.
2, 29
Let l(n) = n + 2. Let t be l(-4). Let y be (-2)/4 + (-5)/t. Suppose 89 - 32 = y*b - 3*u, -u = -5*b + 123. What are the prime factors of b?
2, 3
Let k be -1*(-2)/(-4)*0/6. Suppose k = -10*w + 914 + 306. List the prime factors of w.
2, 61
Let c = 3168 + -1128. List the prime factors of c.
2, 3, 5, 17
Suppose m + 9 = -w, -5*w - 3*m + 0*m - 43 = 0. Let x(n) = n**3 + 7*n**2 - 9*n - 1. Let f be x(w). Suppose -3*t + f*t - 32 = 0. List the prime factors of t.
2
Let u(q) be the first derivative of -3*q**3/2 - 7*q**2/2 - 2*q + 8. Let v(o) be the first derivative of u(o). List the prime factors of v(-5).
2, 19
Suppose -11*d + 4153 + 29496 = 0. List the prime factors of d.
7, 19, 23
Suppose 2*d + 335 - 1639 = -w, 0 = -4*w. List the prime factors of d.
2, 163
Let q(k) = 8*k**2 + 11*k + 59. What are the prime factors of q(-7)?
2, 11, 17
Suppose -115 = -4*h - c, 4*c = -3*h - 13 + 83. List the prime factors of h.
2, 3, 5
Suppose 2*k = -0 + 10, 2*l + 2*k = 1042. What are the prime factors of l?
2, 3, 43
Suppose -3*z + 6 = -5*f + 16, -2*f + 4 = -4*z. Suppose f*j = -8, 3*a = 4*j - 4 + 113. List the prime factors of a.
31
Let g be -1 - (12/(-28) - 3/(-7)). List the prime factors of 8/(1/(9 + g)).
2
Suppose -p + 4*p = 6. Suppose 186 = 3*h - 4*y - 118, -p*h = -4*y - 200. Suppose -h = -5*j - 2*q - 2*q, 4*q + 40 = j. List the prime factors of j.
2, 3
Let w be 0 - (-1*46)/1. Suppose k + k - w = 0. List the prime factors of k.
23
Let o be -2 + (-16)/(-10) + 2178/(-30). Let k = 108 + o. What are the prime factors of k?
5, 7
Let m(l) = -l**3 - 6*l**2 + 5*l - 16. Let y be m(-7). List the prime factors of y/15 + 12033/135.
89
Let f be 2 + (1/1)/((-7)/(-2863)). Suppose -a = -2*r + f, -5*r + 0*r - a + 1038 = 0. What are the prime factors of r?
3, 23
Suppose i - 2254 = -i + d, -2*i = -2*d - 2252. What are the prime factors of i?
2, 3, 47
Let f(a) = 3*a - 11. Let c be f(7). Suppose 3*q = c - 4. What are the prime factors of q?
2
What are the prime factors of ((-44)/(-66))/(2/3099)?
1033
Let u = -298 - -530. Suppose -5*l - 5*r + 263 = -117, -r = 3*l - u. What are the prime factors of l?
2, 3, 13
Let j be ((-39)/6)/((-2)/8). List the prime factors of j/(18/40 + (-4)/16).
2, 5, 13
Suppose 4*u = 2*g + g + 6296, 4*g - 7839 = -5*u. List the prime factors of u.
1571
Let f(h) = -7 + 4*h + 3*h + 2*h**2 - 7. What are the prime factors of f(6)?
2, 5
Let s be 0 + ((-6)/(-21) - (-220)/(-35)). List the prime factors of -1 + 53 + 1 - s/3.
5, 11
Let c(j) = j - 10. Let z be c(-3). Let k(f) = f**2 + 8*f + 23. What are the prime factors of k(z)?
2, 11
Let n = -1 - -7. Let g be n/(-8) + (-54)/24. List the prime factors of (16/g)/(6/(-27)).
2, 3
Let m be ((-36)/(-15))/((-1)/(-35)). Let c = 47 - m. Let f = c + 70. List the prime factors of f.
3, 11
Let c(n) = 12 + 48*n + 11*n**2 - 37*n + n**3 + 2. What are the prime factors of c(-10)?
2
Suppose 3*a - a - 440 = 0. Suppose -5*j + 35 = -a. List the prime factors of j.
3, 17
Let r = -2 - 7. Let m(d) = -d**3 + 5*d**2 - 9*d + 7. Let f be m(3). What are the prime factors of (-227)/(-9) - f/r?
5
Let f be -2 - 0 - (11 - 166). Suppose -16*q + 19*q = f. What are the prime factors of q?
3, 17
Let v(a) = 4*a**2 - 17*a + 80. List the prime factors of v(-15).
5, 13, 19
Let g be 2/(-4) - (-913)/22. Suppose -5*y = 82 + 53. Let c = y + g. List the prime factors of c.
2, 7
Let j(t) = -35*t + 14*t - 36 + 38. What are the prime factors of j(-4)?
2, 43
Suppose -3*l - 1724 = -3*b + 4300, -5*b + 10046 = l. List the prime factors of b.
7, 41
Suppose 2*b = 3*k + 3583, -17*k + 20*k = -b + 1769. What are the prime factors of b?
2, 223
Suppose -6*r + 1232 = -1378. What are the prime factors of r?
3, 5, 29
Suppose 84 = 21*l - 19*l. Let o be (-12)/l - 37/(-7). Suppose f + o*y - 38 = 3*y, -4*y = -2*f + 68. What are the prime factors of f?
2, 3
Let a be 3/((9/(-60))/1). Let b be 1*4/((-16)/a). Suppose -b*f = -m - 51, -13 = -3*f + 5*m + 22. What are the prime factors of f?
2, 5
Suppose -d = 4*f - 8, d - 2*f + 3*f - 2 = 0. Suppose 4*n + l + l = 6, d = -5*n - 2*l + 6. What are the prime factors of 4/((-1)/(-4 - n))?
2
Let m be (7 + 3)/(3 + -5). Let d(h) = -14*h - 18. List the prime factors of d(m).
2, 13
Let m(x) = -7*x**2 + 3*x**2 - x**2 + 8*x + 4*x**2 - 10. Let w be m(8). Let y = 24 + w. What are the prime factors of y?
2, 7
Let h(c) = -5*c**2 + 9*c + 8. Let s be 4 + (-2 - -2)/(-3). Let f(i) = 6*i**2 - 10*i - 8. Let d(l) = s*f(l) + 5*h(l). List the prime factors of d(6).
2
Let d = 121 - 23. List the prime factors of d.
2, 7
Suppose -28*h + 19*h = -13977. List the prime factors of h.
1553
Let z(b) = -b**3 + 7 + 5*b**2 + 3*b - b**2 + 2*b**3. Let r be z(-5). Let a = -23 - r. List the prime factors of a.
2, 5
Let u(d) = 86*d**2 + 30*d. List the prime factors of u(-5).
2, 5
Let c = -22 - -22. Suppose d - 3*l - 112 = c, 5*d - 336 = 2*d - 2*l. Suppose -8*g + g + d = 0. List the prime factors of g.
2
Suppose k - 9 = -2*k. Suppose k*v + 27 = 5*m, -22 = -4*m + 2*v - 0*v. What are the prime factors of (-4)/2*(-33)/m?
11
Suppose 7*d + 39 = 60. Suppose z - 943 = -4*j - 4*z, 0 = -5*z + 15. Suppose -j = -3*v + d*r + 2*r, -5*v - r = -340. What are the prime factors of v?
3, 23
Let g = -56 + 96. Let h be 112/g*20*1. What are the prime factors of (18/4)/(6/h)?
2, 3, 7
Suppose -2*o + 5*q = 6*q - 41, -4*o = 3*q - 81. List the prime factors of o.
3, 7
Let w(j) = 66*j**2 + 2*j. Let n be (8/(-10))/(44/110). Let r be w(n). Suppose -4*l - 5*v = -208, 0*l - 5*l + r = v. What are the prime factors of l?
2, 13
Suppose 4*r + 86 = 2*b, 3*b - 53 - 76 = -3*r. Suppose 2*o - 51 - b = 0. List the prime factors of o.
47
Let a(q) = q**2 - q - 3. Let m be a(0). Let p be 6*(-1)/m*-10. Let l = p - -47. What are the prime factors of l?
3
Suppose -5*c - 8800 = -8*c - 5*x, -4*c - x = -11705. What are the prime factors of c?
3, 5, 13
Let j be ((-3)/4)/(5/(-20)). Suppose 4*d + 2*r - 152 = 0, 4*r + 0*r - 109 = -j*d. What are the prime factors of d?
3, 13
Suppose o + 3390 = -4*a + 16035, -3*o = -3. List the prime factors of a.
29, 109
Let u = 556 + 11. What are the prime factors of u?
3, 7
Let v(s) = 4*s**2 + s + 5. List the prime factors of v(-13).
2, 167
Suppose 13*d - 12*d + 5 = 0, 2692 = 3*k - 5*d. List the prime factors of k.
7, 127
Suppose 2101 = -24*t + 16933. What are the prime factors of t?
2, 3, 103
Let d(h) = 2 - 11 - 1 + 1 - 5*h + 6*h**2. List the prime factors of d(-4).
107
Suppose o + 3*o - 8 = d, -5*o + 10 = d. Suppose -484 = -3*c - c + 4*g, d = 3*c + 2*g - 353. What are the prime factors of c?
7, 17
Let p be (-52)/442 + 342/17. Suppose -p*x - 1816 = -28*x. What are the prime factors of x?
227
Suppose 126 = -2*p - 34. Let l = -17 - p. List the prime factors of l.
3, 7
Let o(i) = i**3 + 12*i**2 + 9*i - 1. Let m = 10 - 19. Let s be o(m). Let j = -92 + s. List the prime factors of j.
3, 23
Let z = 28 + 5. Let q = z + -54. List the prime factors of (-7)/q + (-213)/(-9).
2, 3
Suppose m = -m - 54. Suppose 0 = -5*f + 270 - 25. Let r = f + m. List the prime factors of r.
2, 11
Suppose -8*w - 4*w = 420. List the prime factors of ((-812)/w)/(-2*2/(-10)).
2, 29
Let b = 0 + 2. Suppose 5*m + b*z - 178 = 5*z, -4*z = 